v. Let z = -2 + 4. Suppose 0 = 4*l - 4*n + 8, -3*l + z*n + 1 - 5 = 0. Calculate y(l).
-6
Let h be 5/((-5)/(-3)) - 1. Let m(o) = 2*o**2 + o**3 - 3*o - h*o + 3*o. Give m(-3).
-3
Suppose -z - 2 = b - 7, 11 = -2*b + 5*z. Suppose -b + 11 = -3*g. Let c(v) = 2*v**2 + 2*v - 2. Calculate c(g).
10
Let u(p) = -2*p - 5. Let b be (1 + 4)*(-9)/(-15). Suppose -3*d + b*k = -21, 2*k + 4 = 4*d + 4*k. Suppose d*v + 16 = -v. Give u(v).
3
Suppose -2*l + 6 - 2 = 0. Let v = 4 - l. Let b(s) = s**2 - v - 4*s + 5*s + 0. Calculate b(2).
4
Suppose 5*i + 4*u = -0*i + 21, 2*u + 12 = 2*i. Let w(g) = g + 4*g**2 - 2*g - i*g**2 + 0*g. What is w(0)?
0
Let f(c) = -10*c - 13. Let h(m) be the first derivative of -5*m**2/2 - 7*m + 3. Let o(z) = -6*f(z) + 11*h(z). Let k be ((-6)/4)/(3/4). What is o(k)?
-9
Let t(p) = -p**3 - 5*p**2 - 7. Let w be 50/(-4)*32/(-40). Let d = -15 + w. Give t(d).
-7
Let r = -10 - -14. Let v(w) be the third derivative of 0 + w**3 + 1/60*w**5 + 0*w - 1/6*w**4 + 3*w**2. What is v(r)?
6
Let j = -6 + 14. Let h(n) = 3*n - 11. Determine h(j).
13
Let s(j) = j**3 + 2*j**2 - 3*j - 3. Let x be 6*1*(0 - -1). Let t be -7*1 + 15/5. Let a be 2*1*x/t. What is s(a)?
-3
Suppose 0 = -2*h + 5*h. Let y(a) = -a**2 - 18. What is y(h)?
-18
Let x(v) = 5*v - 1. Suppose 5*u - 3 = -8. Determine x(u).
-6
Let x(u) = u**2 + 13 - 11*u + 3*u - 4. Calculate x(6).
-3
Suppose 6 = 5*k - 4. Suppose -2 = 2*d + 10. Let f = d + k. Let s(n) = n**2 + 3*n - 1. Determine s(f).
3
Let q(w) = -3 - 11 - 29*w + 56*w - 24*w. Give q(10).
16
Let g(l) = l**2 - 6*l + 4. Suppose 4*t + 2*z = -66, -t + 0*z - 19 = z. Let a = t + 18. Calculate g(a).
-4
Suppose 6*c + 4 = 2*c + 4*j, -15 = -3*j. Let z(n) = -2*n - 7 - n**2 + n**2 + n**3 - c*n**2. Suppose 0 = 5*y + 4*u - 19 - 2, -3*y - 3*u + 12 = 0. What is z(y)?
8
Let f = -10 + 7. Let r = f + 5. Let h(v) = 2*v**3 - v**2 - 2. Give h(r).
10
Let m(z) = -2*z**2 - 3*z + 3. Let j be m(3). Let f = -19 - j. Let c(w) = -w + 7. Give c(f).
2
Let v(p) = 5*p**3 + 5*p**2 + p + 7. Let w(q) = -6*q**3 - 6*q**2 - 2*q - 8. Let j(a) = 5*v(a) + 4*w(a). Calculate j(2).
9
Let m(c) be the second derivative of 1/6*c**4 + 1/2*c**2 + 0 - 1/20*c**5 + c + 1/3*c**3. What is m(3)?
-2
Let d(s) be the third derivative of -s**4/24 - s**3/6 - 12*s**2. What is d(-6)?
5
Let m be 2 + (-3 + -1)/(-2). Let s(f) = 2*f - 4. Determine s(m).
4
Let r be (-5)/(-1) + -2 + 3. Let m(t) = 35 + 2*t - 3*t - 19 - 6. Give m(r).
4
Let o(a) = -4*a**3 + 3*a + 9. Let z(f) = -7*f**3 + f**2 + 6*f + 16. Let i(l) = 5*o(l) - 3*z(l). Suppose 4*n + 3*k = 10, -3*n = -4*k + 4 - 24. What is i(n)?
1
Let b be (-26)/3*(-21)/14. Suppose -2*k + 2*s - 1 = -b, -10 = 5*k + 5*s. Let i(p) = 3*p - 1. Calculate i(k).
5
Let w be 4/(-40)*-4 + (-16)/(-10). Let y(m) = -4*m**3 + m**2 + 3*m - 1. Determine y(w).
-23
Let x(s) = -3*s**3 - s**2. Let y = -8 - -32. Let o be (-8)/y + 8/6. Let h be x(o). Let j(m) = -m**3 - 5*m**2 - 5*m - 1. Determine j(h).
3
Let n(z) be the first derivative of 3 + 1/2*z**2 + 2*z. Give n(-2).
0
Let k(c) = 0*c + 0*c - 2*c. Let i(f) = -3*f. Let l(r) = 4*i(r) - 5*k(r). Let b be l(-1). Let v(h) = h**2 - 3*h + 1. Determine v(b).
-1
Let n(z) be the first derivative of z**4/4 - 4*z**3/3 - z**2/2 + 3*z + 4. Calculate n(4).
-1
Let j(a) = 2*a**2 - 7*a + 6. Let q(l) = -2*l - 10. Let i be q(-6). Let s(r) = r**2 + r - 2. Let c be s(i). Calculate j(c).
10
Let f(x) be the third derivative of x**6/120 + x**5/20 + x**4/8 + x**3/6 + 4*x**2. Let u(k) = -20*k**2 + 1. Let r be u(1). Let y be r/7 + 2/(-7). What is f(y)?
-8
Let a(z) = z**3 + 4*z**2 - 3*z - 6. Let s be 2*4/(-8) - 3. What is a(s)?
6
Suppose -z + 7 = 4. Let w(y) = -y**2 + 5*y - 2. Determine w(z).
4
Let v be ((-3)/3 + 2)*-3. Suppose 5*z = z + 16. Let k(p) = 2 - 4*p**2 - z*p + 4*p - 6*p + 3*p**2. Calculate k(v).
11
Let r(n) be the second derivative of n**5/20 - 5*n**4/12 + n**3/3 - n**2 - 9*n. Suppose 1 + 4 = o. Determine r(o).
8
Let t(u) = 2*u**2 - 5*u + 4. Suppose 5*n = -2*s + 12, s - n - 3*n = -7. Let x(g) = g**2 - g + 1. Let w(m) = s*t(m) - 3*x(m). Give w(-2).
1
Suppose 0 = -p + 3*u + 10, -u + 3 + 3 = 2*p. Let b(v) = v**2 - 5*v. Give b(p).
-4
Let o(m) = 4*m - 16. Let k(a) = -2*a + 7. Let g(c) = 5*k(c) + 2*o(c). Suppose 8 = 3*p + p. What is g(p)?
-1
Let l(k) = -49*k**3 + 26*k**3 + 24*k**3 + 16 - 11*k**2 - 2*k. Determine l(11).
-6
Let u be (-8)/(-6) - 4/(-6). Let b(x) = x. Let k(z) = z + 3. Let r(h) = u*b(h) - k(h). Give r(4).
1
Let n(m) be the first derivative of -9*m**4/4 + m**3/3 - m**2/2 + m - 5. Calculate n(1).
-8
Let t(b) = 2*b**2 + 6*b + 1. Let i(d) = d**3 + 6*d**2 - 6*d + 3. Let j be i(-7). Calculate t(j).
9
Suppose -4*w - 6 = -w. Let o(q) be the third derivative of -q**6/120 - q**5/30 + q**3/6 + q**2. Determine o(w).
1
Suppose 3*x - 6 = -36. Let b be (-12)/20 - 56/x. Let f(r) = r**2 - 3*r - 2. Give f(b).
8
Let x be (4/3)/((-26)/(-117)). Suppose x*z = 3*z. Let a(q) = 5*q**2 + 7. Let h(f) = 9*f**2 + 13. Let u(l) = 7*a(l) - 4*h(l). Give u(z).
-3
Let m(y) = 6*y**2 - 2*y + 6. Let b(l) = l**2 - l + 1. Let j = 1 - 2. Let w(d) = j*m(d) + 5*b(d). Give w(-4).
-5
Let q(v) = v**3 - v**2 - v - 2. Let i be q(0). Let p(x) = 3*x**2 - 3*x - 3. Calculate p(i).
15
Let x(r) be the second derivative of -r + 0 + 1/2*r**2 - 1/6*r**4 - 1/3*r**3. What is x(-2)?
-3
Let f(t) be the third derivative of t**5/60 + t**4/6 + 12*t**2. Suppose 4*i - 4*o = -o - 20, -5*i - 25 = -4*o. Calculate f(i).
5
Let f(i) = i**2 + 6*i + 3. Let x = 60 - 63. Give f(x).
-6
Let c(h) = -h + 1. Let b(y) = -y + 6. Let s(f) = b(f) - 3*c(f). Let j be 30 - (2 + 1 + -5). Let g be (-2)/(-7) + j/(-14). What is s(g)?
-1
Let p(a) = -a**2 - 2*a - 1. Suppose -i - 4 = 78. Let x be i/26 + 2/13. What is p(x)?
-4
Let p(i) = 7*i**2 + 15*i - 7. Let j(v) = 4*v + 4*v + 0*v - 4 + 4*v**2. Let o(c) = -5*j(c) + 3*p(c). Suppose r - 1 = 2*z + 7, -4*z - 28 = 4*r. What is o(z)?
-1
Let l be 12/(-54) + (-94)/(-18). Suppose -2*s + 22 = -4*z, 2*s + 0*s + l*z = -14. Let n(u) = -4*u + 2. What is n(s)?
-10
Let f(m) = -m**2 + 3*m + 1. Let n be f(-3). Let u = -20 - n. Let b(z) = -3*z + 1. Give b(u).
10
Suppose 0 = 6*w - 4*w - 56. Suppose 0 = 4*d + x - 0*x + w, -4*d = -x + 28. Let r(a) = a + 1. Determine r(d).
-6
Let l = 10 - 6. Let p(h) be the first derivative of -2*h**3/3 + 7*h**2/2 - 4*h - 11. What is p(l)?
-8
Let w(k) = -24*k + 11*k - k**3 + 3 + 7*k + 4*k**2 - 11*k**2. Give w(-5).
-17
Suppose 3*f + 5*i - 12 = 0, -2*f - 6 = -i - 1. Let k(g) be the third derivative of 0 + 0*g**4 + 2/15*g**5 - 1/6*g**3 + 0*g - 2*g**2. What is k(f)?
7
Let y = -77 - -73. Let z(s) = -s. Determine z(y).
4
Let x be (-2)/7*(9 - 16). Let v(w) = w**3 - 2*w**2 + 4*w - 3. Determine v(x).
5
Let d(l) = -l**2 - 11*l - 5. Let w be -3 - -8 - (15 - 0). Give d(w).
5
Let w(s) = -s**3 + 26*s**2 - 23*s - 44. Let n be w(25). Let t(c) = c**3 - 7*c**2 + 6*c. Give t(n).
0
Let j(m) = -m**3 + 6*m**2 - 2*m + 8. Let q(g) = g + 3. Let x be q(-2). Let b be x*(-2)/2*-6. Give j(b).
-4
Let w(y) = -7*y + 1. Let q(t) = -13*t + 2. Let h(f) = -6*q(f) + 11*w(f). Let m(i) = 4. Let k(r) = -4*h(r) - m(r). What is k(-1)?
4
Suppose 2*m + 8*x + 6 = 4*x, 0 = m - 3*x - 12. Let p(l) = -l**2 + 4*l + 2. Give p(m).
5
Let w(i) = -i**2. Let x(o) be the first derivative of -2*o**3/3 + o**2 + 1. Let y(l) = 3*w(l) - x(l). Let h(g) = -g + 6. Let z be h(8). Give y(z).
0
Let m(f) = 0*f + 3 + 1 - f. Let t(s) = s**2 + 6*s + 9. Let a(g) = 4*g**2 + 23*g + 37. Let x(w) = 2*a(w) - 9*t(w). Let b be x(-7). Give m(b).
4
Let y(s) be the third derivative of s**4/24 + 4*s**3/3 + 4*s**2. Let a be y(-6). Let i(j) = -j**2 + 5*j - 2. Give i(a).
4
Let k(z) = -3*z**3 + 2*z**2 + 7*z + 3. Let v = -48 - -44. Suppose 6 = -3*a - 3. Let c(t) = 2*t**3 - 3*t**2 - 6*t - 2. Let h(r) = a*k(r) + v*c(r). What is h(-5)?
9
Let f(b) = -b**2 + 2*b + 3. Suppose 5*u = u + 16. What is f(u)?
-5
Let t(k) = -k**3 + 6*k**2 - 8*k - 2. Let u(y) = -2*y**3 + 12*y**2 - 17*y - 4. Let z(c) = 7*t(c) - 3*u(c). Let g be (-4)/14 + (-120)/(-28). What is z(g)?
10
Let s(y) = y. Let o(r) = r**2 + 7*r + 5. Let c be o(-7). Suppose -5 = -c*i, -8 - 1 = 5*t + i. Determine s(t).
-2
Let a(o) be the first derivative of -2*o**3/3 - 3*o**2/2 - 2*o - 12. Let c be 20/(-9) - 4/(-18). What is a(c)?
-4
Let o(w) = 6*w**2 + 6*w - 2 + 19*w**3 + 2 - 18*w**3. Give o(-5).
-5
Let q = -3 - -3. Let r(t) = t + 4. Let